{"id":3352,"date":"2018-06-06T10:54:43","date_gmt":"2018-06-06T16:54:43","guid":{"rendered":"http:\/\/bloquepopularjuvenil.org\/?page_id=3352"},"modified":"2022-07-27T21:20:48","modified_gmt":"2022-07-28T03:20:48","slug":"unete-al-bpj","status":"publish","type":"page","link":"https:\/\/elcomunista.org\/?page_id=3352","title":{"rendered":"\u00danete al BPJ"},"content":{"rendered":"<p>El Bloque Popular Juvenil es la secci\u00f3n salvadore\u00f1a de la Corriente Marxista Internacional, la CMI pretende sentar las bases de los futuros partidos marxistas revolucionarios para luchar por el socialismo a nivel internacional. Actualmente, la CMI tiene presencia en m\u00e1s de 30 pa\u00edses en los 5 continentes alrededor del mundo; defendemos las ideas de Carlos Marx, Federico Engels, Lenin y Trotsky, es decir, las ideas del socialismo cient\u00edfico.<\/p>\n<p>El BPJ aunque naci\u00f3 en el a\u00f1o 2001 se uni\u00f3 a la CMI en el a\u00f1o 2008, en un hist\u00f3rico congreso que marc\u00f3 un antes y un despu\u00e9s en la organizaci\u00f3n. Los inicios de la organizaci\u00f3n los encontramos en un a\u00f1o clave en la lucha de clases en El Salvador, cuando el gobierno derechista de Francisco Flores -principal impulsor de medidas neoliberales como la dolarizaci\u00f3n- intent\u00f3 en una ofensiva privatizadora, entregar a los privados la administraci\u00f3n de la salud p\u00fablica. En este contexto y como un apoyo juvenil a la lucha heroica en defensa de la salud nace el BPJ, acompa\u00f1ando aguerridamente a los sindicatos, gremios, organizaciones sociales y civiles en las famosas marchas blancas de miles y miles de personas que inundaban las calles de San Salvador.<\/p>\n<p>El ascenso revolucionario y el cese al intento de privatizar la salud nos mantuvo como un referente atrayente a la juventud radicalizada. Sin embargo, la debilidad del liderazgo y la ausencia de una formaci\u00f3n te\u00f3rica clara con orientaci\u00f3n marxista revolucionaria llevar\u00edan a la organizaci\u00f3n a una serie de errores ultraizquierdistas en el periodo posterior a las marchas blancas.<\/p>\n<p>Despu\u00e9s de a\u00f1os de participaci\u00f3n en el movimiento obrero en el periodo represivo de los gobiernos del partido ARENA, entramos en contacto con la Corriente Marxista Internacional, pr\u00e1cticamente 7 a\u00f1os despu\u00e9s del nacimiento de la organizaci\u00f3n. Al establecer v\u00ednculos con la CMI inici\u00f3 un proceso totalmente distinto de formaci\u00f3n y asimilaci\u00f3n de las ideas del marxismo y los m\u00e9todos y tradiciones del movimiento obrero internacional. A partir de la afiliaci\u00f3n a la CMI, el BPJ dio un giro de 180 grados poniendo un total \u00e9nfasis en la formaci\u00f3n pol\u00edtica de cuadros revolucionarios que participan constantemente en la lucha revolucionaria del movimiento obrero y estudiantil.<\/p>\n<p>Por diez a\u00f1os hemos editado mensualmente el peri\u00f3dico Militante BPJ, con 600 copias distribuidas en las principales ciudades de El Salvador. Nuestra prensa pretende ser el vocero del movimiento revolucionario en el pa\u00eds; a trav\u00e9s de \u00e9l extendemos las demandas de la clase obrera y la juventud, defendemos las ideas del socialismo cient\u00edfico y construimos los cimientos del futuro partido marxista revolucionario del proletariado salvadore\u00f1o. Tambi\u00e9n somos la sucursal del Centro de Estudios Socialistas Carlos Marx de La CMI en Centro Am\u00e9rica, donde distribuimos las obras cl\u00e1sicas del marxismo y las obras de marxistas contempor\u00e1neos del mundo obrero.<\/p>\n<p>La organizaci\u00f3n no depende de contribuciones internacionales, ni del Estado o de las ONG; el peri\u00f3dico, el Centro de Estudios y todos los gastos administrativos de la organizaci\u00f3n depende, en primer lugar, y como punto m\u00e1s importante, de las cuotas de militantes comprometidos con la causa del socialismo, que se pagan mensualmente y, en segundo lugar, de las ventas de nuestras publicaciones de libros, peri\u00f3dicos y folletos. Esto nos vale para mantener nuestra independencia pol\u00edtica y econ\u00f3mica, pues la revoluci\u00f3n socialista tendr\u00e1 que ser financiada por el mismo movimiento obrero o no ser\u00e1.<\/p>\n<h3><strong>En el movimiento estudiantil<\/strong><\/h3>\n<p>En la actualidad, tenemos presencia en la Universidad de El Salvador donde trabaja pol\u00edticamente la c\u00e9lula estudiantil Fuerza de Acci\u00f3n Universitaria (FAU), formando a los j\u00f3venes estudiantes que se interesan en la teor\u00eda marxista y luchando por las demandas inmediatas del sector estudiantil.<\/p>\n<p>Luchamos por el incremento progresivo a la educaci\u00f3n del 3 % al 8 % del PIB, por la nacionalizaci\u00f3n de la educaci\u00f3n, por una educaci\u00f3n gratuita y de calidad para garantizar el derecho de la clase obrera a la educaci\u00f3n. Invitamos a todos los estudiantes a sumarse a nuestra organizaci\u00f3n estudiantil para formarse pol\u00edticamente y luchar juntos por estas y m\u00e1s reivindicaciones revolucionarias de los hijos e hijas de la clase obrera.<\/p>\n<h3><strong>En el movimiento social y sindical<\/strong><\/h3>\n<p>Tambi\u00e9n tenemos trabajo y coordinaciones con sindicatos de todos los sectores, desde los sindicatos de la industria textil hasta con sindicatos del sector p\u00fablico estatal. Hemos luchado junto a ellos por aumento salarial, por la nacionalizaci\u00f3n del sistema de pensiones, por la libertad y por mejores conquistas laborales para los trabajadores y trabajadoras. Nuestra p\u00e1gina web y las p\u00e1ginas de nuestra prensa han estado abiertas siempre a las denuncias del movimiento social, estudiantil y sindical, con el fin de unificar cada una de las luchas de los explotados y expandir el alcance de cada una de las demandas en el movimiento.<\/p>\n<p>En el movimiento social nos hemos integrado a la Alianza Nacional contra la Privatizaci\u00f3n del Agua en el periodo reciente, es una coordinaci\u00f3n de sindicatos, organizaciones sociales campesinas, juveniles y obreras, desde donde hemos colaborado con todas nuestras energ\u00edas para detener el intento de los diputados de la derecha por privatizar el agua en nuestro pa\u00eds. Luchamos por la Ley General de Aguas presentada por el Foro del Agua en el a\u00f1o 2006 y por una administraci\u00f3n de este recurso con base en un sistema de asambleas comunitarias territoriales en todo el pa\u00eds, por un ente rector conformado por representantes de los sectores explotados y por representantes del Estado sin la participaci\u00f3n de la empresa privada.<\/p>\n<h3><strong>Organ\u00edzate con nosotros y luchemos por el socialismo \u00a0\u00a0\u00a0\u00a0\u00a0\u00a0<\/strong><\/h3>\n<p>Como marxistas queremos poner sobre la mesa el debate de la lucha por el socialismo y la revoluci\u00f3n que ha sido manchada durante a\u00f1os por la traici\u00f3n de los estalinistas y reformistas, haciendo un invaluable trabajo a la clase dominante, nos interesa poner de manifiesto la opresi\u00f3n capitalista y la explotaci\u00f3n, el papel del Estado como ente de dominaci\u00f3n ideol\u00f3gica y la necesidad de una lucha revolucionaria que cambie profundamente la sociedad. Sabemos cu\u00e1nto ha retrocedido ideol\u00f3gicamente el movimiento revolucionario y queremos contribuir a al rescate de un movimiento obrero revolucionario y socialista, como dec\u00eda Trotsky en los a\u00f1os 30:<\/p>\n<p><em>\u201c\u00c9pocas reaccionarias como la actual, no s\u00f3lo debilitan y desintegran a la clase obrera aisl\u00e1ndola de su vanguardia, sino que tambi\u00e9n rebajan el nivel ideol\u00f3gico general del movimiento, rechazando hacia atr\u00e1s el pensamiento pol\u00edtico, hasta etapas ya superadas desde hace mucho tiempo. En estas condiciones la tarea de la vanguardia consiste, ante todo, en no dejarse sugestionar por el reflujo general: es necesario avanzar contra la corriente. Si las desfavorables relaciones de fuerzas no permiten conservar las antiguas posiciones pol\u00edticas, por lo menos hay que conservar las posiciones ideol\u00f3gicas, pues la experiencia tan cara del pasado se ha concentrado en ellas. Ante los ojos de los mentecatos, tal pol\u00edtica aparece como \u00absectaria\u00bb. En realidad no hace m\u00e1s que preparar un salto gigantesco hacia adelante impulsada por la oleada ascendente del nuevo periodo hist\u00f3rico\u201d.<\/em><\/p>\n<p>Para nosotros, las ideas del marxismo revolucionario pueden y deben servir de gu\u00eda para construir la organizaci\u00f3n de los oprimidos que luchar\u00e1 en contra del capitalismo y por el socialismo. Ante el fracaso del reformismo estalinista y de la socialdemocracia pretendemos construir las fuerzas del marxismo en El Salvador, levantamos la bandera del marxismo revolucionario para construir las bases de un partido revolucionario con ra\u00edces en el movimiento de la clase trabajadora salvadore\u00f1a.<\/p>\n<p>Ponemos a disposici\u00f3n para el debate nuestro programa, el cual puede leerse en nuestra p\u00e1gina web. Luchamos por las reivindicaciones m\u00e1s m\u00ednimas como derechos sindicales, derechos de las mujeres y minor\u00edas oprimidas, pero tambi\u00e9n luchamos por un programa m\u00e1ximo que concrete las bases para la transformaci\u00f3n profunda de la sociedad, eso pasa por la expropiaci\u00f3n de las grandes palancas de la sociedad, devolver a los explotados lo que les pertenece y que por a\u00f1os les ha sido arrebatado, la tierra, la banca y la industria para ponerla bajo el control democr\u00e1tico de los trabajadores bajo una econom\u00eda planificada y no an\u00e1rquica como la actual, para acabar con la miseria a la que nos somete el capitalismo, y acabar con la base material de toda la cultura machista y decadente para construir una sociedad realmente humana, sin explotaci\u00f3n ni ataduras.<\/p>\n<p>Invitamos a todo camarada que se identifique con nuestra lucha antiimperialista y anticapitalista a sumarse a nuestra organizaci\u00f3n, las puertas est\u00e1n abiertas, toda ayuda ser\u00e1 significativa para nuestros objetivos. Construye tu grupo de discusi\u00f3n marxista en tu centro de trabajo, universidad, escuela, barrio o colonia; af\u00edliate ahora a la CMI y al Bloque Popular Juvenil y ay\u00fadanos a construir juntos la organizaci\u00f3n revolucionaria que tenga como objetivo acabar con la explotaci\u00f3n capitalista de la sociedad y por la construcci\u00f3n de una sociedad diferente democr\u00e1tica y libre de explotaci\u00f3n en El Salvador y en el mundo entero.<\/p>\n<h1 style=\"text-align: center;\"><strong><span style=\"color: #ff0000;\"><a style=\"color: #ff0000;\" href=\"https:\/\/docs.google.com\/forms\/d\/e\/1FAIpQLSe5LBRMmvqWeFV-1oNxUociNBKy1hLST4F7qEveNZFUK8VCDw\/viewform?usp=sf_link\">Si queres formarte politicamente para luchar por la revolucion, unete al BPJ inscribiendote aqu\u00ed<\/a><\/span><\/strong><\/h1>\n","protected":false},"excerpt":{"rendered":"<p>El Bloque Popular Juvenil es la secci\u00f3n salvadore\u00f1a de la Corriente Marxista Internacional, la CMI pretende sentar las bases de los futuros partidos marxistas revolucionarios para luchar por el socialismo a nivel internacional. Actualmente, la CMI tiene presencia en m\u00e1s de 30 pa\u00edses en los 5 continentes alrededor del mundo; defendemos las ideas de Carlos&#8230;<\/p>\n","protected":false},"author":2,"featured_media":12401,"parent":0,"menu_order":0,"comment_status":"closed","ping_status":"closed","template":"","meta":{"_monsterinsights_skip_tracking":false,"_monsterinsights_sitenote_active":false,"_monsterinsights_sitenote_note":"","_monsterinsights_sitenote_category":0,"_uf_show_specific_survey":0,"_uf_disable_surveys":false,"footnotes":""},"class_list":["post-3352","page","type-page","status-publish","has-post-thumbnail","hentry"],"aioseo_notices":[],"yoast_head":"<!-- This site is optimized with the Yoast SEO plugin v25.6 - https:\/\/yoast.com\/wordpress\/plugins\/seo\/ -->\n<title>\u00danete al BPJ - Revoluci\u00f3n Comunista<\/title>\n<meta name=\"robots\" content=\"index, follow, max-snippet:-1, max-image-preview:large, max-video-preview:-1\" \/>\n<link rel=\"canonical\" href=\"https:\/\/elcomunista.org\/?page_id=3352\" \/>\n<meta property=\"og:locale\" content=\"es_ES\" \/>\n<meta property=\"og:type\" content=\"article\" \/>\n<meta property=\"og:title\" content=\"\u00danete al BPJ - Revoluci\u00f3n Comunista\" \/>\n<meta property=\"og:description\" content=\"El Bloque Popular Juvenil es la secci\u00f3n salvadore\u00f1a de la Corriente Marxista Internacional, la CMI pretende sentar las bases de los futuros partidos marxistas revolucionarios para luchar por el socialismo a nivel internacional. Actualmente, la CMI tiene presencia en m\u00e1s de 30 pa\u00edses en los 5 continentes alrededor del mundo; defendemos las ideas de Carlos...\" \/>\n<meta property=\"og:url\" content=\"https:\/\/elcomunista.org\/?page_id=3352\" \/>\n<meta property=\"og:site_name\" content=\"Revoluci\u00f3n Comunista\" \/>\n<meta property=\"article:publisher\" content=\"https:\/\/www.facebook.com\/Bloquepopularjuvenil\" \/>\n<meta property=\"article:modified_time\" content=\"2022-07-28T03:20:48+00:00\" \/>\n<meta property=\"og:image\" content=\"https:\/\/elcomunista.org\/wp-content\/uploads\/2022\/07\/IMG-20210503-WA0003.jpg\" \/>\n\t<meta property=\"og:image:width\" content=\"833\" \/>\n\t<meta property=\"og:image:height\" content=\"625\" \/>\n\t<meta property=\"og:image:type\" content=\"image\/jpeg\" \/>\n<meta name=\"twitter:card\" content=\"summary_large_image\" \/>\n<meta name=\"twitter:site\" content=\"@ElBPJ\" \/>\n<meta name=\"twitter:label1\" content=\"Tiempo de lectura\" \/>\n\t<meta name=\"twitter:data1\" content=\"7 minutos\" \/>\n<script type=\"application\/ld+json\" class=\"yoast-schema-graph\">{\"@context\":\"https:\/\/schema.org\",\"@graph\":[{\"@type\":\"WebPage\",\"@id\":\"https:\/\/elcomunista.org\/?page_id=3352\",\"url\":\"https:\/\/elcomunista.org\/?page_id=3352\",\"name\":\"\u00danete al BPJ - Revoluci\u00f3n Comunista\",\"isPartOf\":{\"@id\":\"https:\/\/elcomunista.org\/#website\"},\"primaryImageOfPage\":{\"@id\":\"https:\/\/elcomunista.org\/?page_id=3352#primaryimage\"},\"image\":{\"@id\":\"https:\/\/elcomunista.org\/?page_id=3352#primaryimage\"},\"thumbnailUrl\":\"https:\/\/elcomunista.org\/wp-content\/uploads\/2022\/07\/IMG-20210503-WA0003.jpg\",\"datePublished\":\"2018-06-06T16:54:43+00:00\",\"dateModified\":\"2022-07-28T03:20:48+00:00\",\"breadcrumb\":{\"@id\":\"https:\/\/elcomunista.org\/?page_id=3352#breadcrumb\"},\"inLanguage\":\"es\",\"potentialAction\":[{\"@type\":\"ReadAction\",\"target\":[\"https:\/\/elcomunista.org\/?page_id=3352\"]}]},{\"@type\":\"ImageObject\",\"inLanguage\":\"es\",\"@id\":\"https:\/\/elcomunista.org\/?page_id=3352#primaryimage\",\"url\":\"https:\/\/elcomunista.org\/wp-content\/uploads\/2022\/07\/IMG-20210503-WA0003.jpg\",\"contentUrl\":\"https:\/\/elcomunista.org\/wp-content\/uploads\/2022\/07\/IMG-20210503-WA0003.jpg\",\"width\":833,\"height\":625},{\"@type\":\"BreadcrumbList\",\"@id\":\"https:\/\/elcomunista.org\/?page_id=3352#breadcrumb\",\"itemListElement\":[{\"@type\":\"ListItem\",\"position\":1,\"name\":\"Portada\",\"item\":\"https:\/\/elcomunista.org\/\"},{\"@type\":\"ListItem\",\"position\":2,\"name\":\"\u00danete al BPJ\"}]},{\"@type\":\"WebSite\",\"@id\":\"https:\/\/elcomunista.org\/#website\",\"url\":\"https:\/\/elcomunista.org\/\",\"name\":\"Revoluci\u00f3n Comunista\",\"description\":\"Internacional Comunista Revolucionaria\",\"publisher\":{\"@id\":\"https:\/\/elcomunista.org\/#organization\"},\"potentialAction\":[{\"@type\":\"SearchAction\",\"target\":{\"@type\":\"EntryPoint\",\"urlTemplate\":\"https:\/\/elcomunista.org\/?s={search_term_string}\"},\"query-input\":{\"@type\":\"PropertyValueSpecification\",\"valueRequired\":true,\"valueName\":\"search_term_string\"}}],\"inLanguage\":\"es\"},{\"@type\":\"Organization\",\"@id\":\"https:\/\/elcomunista.org\/#organization\",\"name\":\"Bloque Popular Juvenil\",\"url\":\"https:\/\/elcomunista.org\/\",\"logo\":{\"@type\":\"ImageObject\",\"inLanguage\":\"es\",\"@id\":\"https:\/\/elcomunista.org\/#\/schema\/logo\/image\/\",\"url\":\"https:\/\/bloquepopularjuvenil.org\/wp-content\/uploads\/2018\/11\/bpj-militante.jpg\",\"contentUrl\":\"https:\/\/bloquepopularjuvenil.org\/wp-content\/uploads\/2018\/11\/bpj-militante.jpg\",\"width\":4000,\"height\":1390,\"caption\":\"Bloque Popular Juvenil\"},\"image\":{\"@id\":\"https:\/\/elcomunista.org\/#\/schema\/logo\/image\/\"},\"sameAs\":[\"https:\/\/www.facebook.com\/Bloquepopularjuvenil\",\"https:\/\/x.com\/ElBPJ\",\"https:\/\/www.instagram.com\/elbloque_bpj\/?hl=es-la\"]}]}<\/script>\n<!-- \/ Yoast SEO plugin. -->","yoast_head_json":{"title":"\u00danete al BPJ - Revoluci\u00f3n Comunista","robots":{"index":"index","follow":"follow","max-snippet":"max-snippet:-1","max-image-preview":"max-image-preview:large","max-video-preview":"max-video-preview:-1"},"canonical":"https:\/\/elcomunista.org\/?page_id=3352","og_locale":"es_ES","og_type":"article","og_title":"\u00danete al BPJ - Revoluci\u00f3n Comunista","og_description":"El Bloque Popular Juvenil es la secci\u00f3n salvadore\u00f1a de la Corriente Marxista Internacional, la CMI pretende sentar las bases de los futuros partidos marxistas revolucionarios para luchar por el socialismo a nivel internacional. Actualmente, la CMI tiene presencia en m\u00e1s de 30 pa\u00edses en los 5 continentes alrededor del mundo; defendemos las ideas de Carlos...","og_url":"https:\/\/elcomunista.org\/?page_id=3352","og_site_name":"Revoluci\u00f3n Comunista","article_publisher":"https:\/\/www.facebook.com\/Bloquepopularjuvenil","article_modified_time":"2022-07-28T03:20:48+00:00","og_image":[{"width":833,"height":625,"url":"https:\/\/elcomunista.org\/wp-content\/uploads\/2022\/07\/IMG-20210503-WA0003.jpg","type":"image\/jpeg"}],"twitter_card":"summary_large_image","twitter_site":"@ElBPJ","twitter_misc":{"Tiempo de lectura":"7 minutos"},"schema":{"@context":"https:\/\/schema.org","@graph":[{"@type":"WebPage","@id":"https:\/\/elcomunista.org\/?page_id=3352","url":"https:\/\/elcomunista.org\/?page_id=3352","name":"\u00danete al BPJ - Revoluci\u00f3n Comunista","isPartOf":{"@id":"https:\/\/elcomunista.org\/#website"},"primaryImageOfPage":{"@id":"https:\/\/elcomunista.org\/?page_id=3352#primaryimage"},"image":{"@id":"https:\/\/elcomunista.org\/?page_id=3352#primaryimage"},"thumbnailUrl":"https:\/\/elcomunista.org\/wp-content\/uploads\/2022\/07\/IMG-20210503-WA0003.jpg","datePublished":"2018-06-06T16:54:43+00:00","dateModified":"2022-07-28T03:20:48+00:00","breadcrumb":{"@id":"https:\/\/elcomunista.org\/?page_id=3352#breadcrumb"},"inLanguage":"es","potentialAction":[{"@type":"ReadAction","target":["https:\/\/elcomunista.org\/?page_id=3352"]}]},{"@type":"ImageObject","inLanguage":"es","@id":"https:\/\/elcomunista.org\/?page_id=3352#primaryimage","url":"https:\/\/elcomunista.org\/wp-content\/uploads\/2022\/07\/IMG-20210503-WA0003.jpg","contentUrl":"https:\/\/elcomunista.org\/wp-content\/uploads\/2022\/07\/IMG-20210503-WA0003.jpg","width":833,"height":625},{"@type":"BreadcrumbList","@id":"https:\/\/elcomunista.org\/?page_id=3352#breadcrumb","itemListElement":[{"@type":"ListItem","position":1,"name":"Portada","item":"https:\/\/elcomunista.org\/"},{"@type":"ListItem","position":2,"name":"\u00danete al BPJ"}]},{"@type":"WebSite","@id":"https:\/\/elcomunista.org\/#website","url":"https:\/\/elcomunista.org\/","name":"Revoluci\u00f3n Comunista","description":"Internacional Comunista Revolucionaria","publisher":{"@id":"https:\/\/elcomunista.org\/#organization"},"potentialAction":[{"@type":"SearchAction","target":{"@type":"EntryPoint","urlTemplate":"https:\/\/elcomunista.org\/?s={search_term_string}"},"query-input":{"@type":"PropertyValueSpecification","valueRequired":true,"valueName":"search_term_string"}}],"inLanguage":"es"},{"@type":"Organization","@id":"https:\/\/elcomunista.org\/#organization","name":"Bloque Popular Juvenil","url":"https:\/\/elcomunista.org\/","logo":{"@type":"ImageObject","inLanguage":"es","@id":"https:\/\/elcomunista.org\/#\/schema\/logo\/image\/","url":"https:\/\/bloquepopularjuvenil.org\/wp-content\/uploads\/2018\/11\/bpj-militante.jpg","contentUrl":"https:\/\/bloquepopularjuvenil.org\/wp-content\/uploads\/2018\/11\/bpj-militante.jpg","width":4000,"height":1390,"caption":"Bloque Popular Juvenil"},"image":{"@id":"https:\/\/elcomunista.org\/#\/schema\/logo\/image\/"},"sameAs":["https:\/\/www.facebook.com\/Bloquepopularjuvenil","https:\/\/x.com\/ElBPJ","https:\/\/www.instagram.com\/elbloque_bpj\/?hl=es-la"]}]}},"jetpack_likes_enabled":true,"jetpack_sharing_enabled":true,"_links":{"self":[{"href":"https:\/\/elcomunista.org\/index.php?rest_route=\/wp\/v2\/pages\/3352"}],"collection":[{"href":"https:\/\/elcomunista.org\/index.php?rest_route=\/wp\/v2\/pages"}],"about":[{"href":"https:\/\/elcomunista.org\/index.php?rest_route=\/wp\/v2\/types\/page"}],"author":[{"embeddable":true,"href":"https:\/\/elcomunista.org\/index.php?rest_route=\/wp\/v2\/users\/2"}],"replies":[{"embeddable":true,"href":"https:\/\/elcomunista.org\/index.php?rest_route=%2Fwp%2Fv2%2Fcomments&post=3352"}],"version-history":[{"count":0,"href":"https:\/\/elcomunista.org\/index.php?rest_route=\/wp\/v2\/pages\/3352\/revisions"}],"wp:featuredmedia":[{"embeddable":true,"href":"https:\/\/elcomunista.org\/index.php?rest_route=\/wp\/v2\/media\/12401"}],"wp:attachment":[{"href":"https:\/\/elcomunista.org\/index.php?rest_route=%2Fwp%2Fv2%2Fmedia&parent=3352"}],"curies":[{"name":"wp","href":"https:\/\/api.w.org\/{rel}","templated":true}]}}